{"id":32,"date":"2016-11-05T00:58:04","date_gmt":"2016-11-04T23:58:04","guid":{"rendered":"http:\/\/institutdydyna.fr\/?page_id=32"},"modified":"2021-05-18T22:24:20","modified_gmt":"2021-05-18T20:24:20","slug":"soins-visage","status":"publish","type":"page","link":"https:\/\/institutdydyna.fr\/index.php\/soins-visage\/","title":{"rendered":"Soins Visage"},"content":{"rendered":"<div id=\"pl-32\"  class=\"panel-layout\" ><div id=\"pg-32-0\"  class=\"panel-grid panel-no-style\" ><div id=\"pgc-32-0-0\"  class=\"panel-grid-cell\" ><div id=\"panel-32-0-0-0\" class=\"widget_text so-panel widget widget_custom_html panel-first-child panel-last-child\" data-index=\"0\" ><div class=\"textwidget custom-html-widget\"><table>\n<tr><td><strong>1001 Fleurs ( soin hydratant \u00e9clat ) 60 min<\/strong><br>Effet hydratant imm\u00e9diat et durable. La peau est nourrie et douce, les traits d\u00e9tendus et le teint frais.<\/td><td>61\u20ac<\/td><\/tr>\n<tr><td><strong>Floraskin (soin repulpant jeunesse ) 75 min<\/strong><br>La peau retrouve la fra\u00eecheur de sa jeunesse : plus rebondie, plus ferme, plus lumineuse et rides att\u00e9nu\u00e9es.<\/td><td>71\u20ac<\/td><\/tr>\n<tr><td><strong>Puret\u00e9 Florale ( soin purifiant fra\u00eecheur) 60 min <\/strong> <br>La peau est comme d\u00e9pollu\u00e9e : diminution des impuret\u00e9s et des imperfections.Effet matifiant, peau plus lisse, plus nette et lumineuse.<\/td><td>61\u20ac<\/td><\/tr>\n<tr><td><strong>Douceur Florale (soin apaisant ressour\u00e7ant) 60 min<\/strong><br>Id\u00e9al pour les peaux sensibles et r\u00e9actives : elles sont apais\u00e9es; les rougeurs,picotements et d\u00e9mangeaisons diminu\u00e9s. Teint plus uniforme et confortable.<\/td><td>61\u20ac<\/td><\/tr>\n<tr><td><strong>Soin Express (sans modelage) 30min <\/strong><br> Effet \"bonne mine\" imm\u00e9diat, id\u00e9al pour les femmes pr\u00e9ss\u00e9es.<\/td><td>39\u20ac<\/td><\/tr>\n<\/table><\/div><\/div><\/div><div id=\"pgc-32-0-1\"  class=\"panel-grid-cell\" ><div id=\"panel-32-0-1-0\" class=\"so-panel widget widget_sow-image panel-first-child panel-last-child\" data-index=\"1\" ><div\n\t\t\t\n\t\t\tclass=\"so-widget-sow-image so-widget-sow-image-default-8b5b6f678277-32\"\n\t\t\t\n\t\t>\n<div class=\"sow-image-container\">\n\t\t<img \n\tsrc=\"https:\/\/institutdydyna.fr\/wp-content\/uploads\/2016\/11\/SoinVisage296x179.jpg\" width=\"296\" height=\"179\" sizes=\"(max-width: 296px) 100vw, 296px\" title=\"soins visage\" alt=\"soins visage\" \t\tclass=\"so-widget-image\"\/>\n\t<\/div>\n\n<\/div><\/div><\/div><\/div><\/div>","protected":false},"excerpt":{"rendered":"<p>1001 Fleurs ( soin hydratant \u00e9clat ) 60 minEffet hydratant imm\u00e9diat et durable. La peau est nourrie et douce, les traits d\u00e9tendus et le teint frais.61\u20ac Floraskin (soin repulpant jeunesse ) 75 minLa peau retrouve la fra\u00eecheur de sa jeunesse : plus rebondie, plus ferme, plus lumineuse et rides att\u00e9nu\u00e9es.71\u20ac Puret\u00e9 Florale ( soin purifiant <a href=\"https:\/\/institutdydyna.fr\/index.php\/soins-visage\/\" rel=\"nofollow\"><span class=\"sr-only\">En savoir plus surSoins Visage<\/span>[&#8230;]<\/a><\/p>\n","protected":false},"author":1,"featured_media":0,"parent":0,"menu_order":3,"comment_status":"closed","ping_status":"closed","template":"template-fullwidth.php","meta":{"jetpack_post_was_ever_published":false,"footnotes":""},"yoast_head":"<!-- This site is optimized with the Yoast SEO plugin v23.4 - https:\/\/yoast.com\/wordpress\/plugins\/seo\/ -->\n<title>Soins Visage - Institut Dydyna<\/title>\n<meta name=\"description\" content=\"L&#039;institut Dydyna vous propose diff\u00e9rents soins visage. Profitez d&#039;une parenth\u00e8se douceur tout en prenant soin de votre peau.\" \/>\n<meta name=\"robots\" content=\"index, follow, max-snippet:-1, max-image-preview:large, max-video-preview:-1\" \/>\n<link rel=\"canonical\" href=\"https:\/\/institutdydyna.fr\/index.php\/soins-visage\/\" \/>\n<meta property=\"og:locale\" content=\"fr_FR\" \/>\n<meta property=\"og:type\" content=\"article\" \/>\n<meta property=\"og:title\" content=\"Soins Visage - Institut Dydyna\" \/>\n<meta property=\"og:description\" content=\"L&#039;institut Dydyna vous propose diff\u00e9rents soins visage. Profitez d&#039;une parenth\u00e8se douceur tout en prenant soin de votre peau.\" \/>\n<meta property=\"og:url\" content=\"https:\/\/institutdydyna.fr\/index.php\/soins-visage\/\" \/>\n<meta property=\"og:site_name\" content=\"Institut Dydyna\" \/>\n<meta property=\"article:publisher\" content=\"https:\/\/www.facebook.com\/institutdydyna\" \/>\n<meta property=\"article:modified_time\" content=\"2021-05-18T20:24:20+00:00\" \/>\n<meta name=\"twitter:card\" content=\"summary_large_image\" \/>\n<meta name=\"twitter:label1\" content=\"Dur\u00e9e de lecture estim\u00e9e\" \/>\n\t<meta name=\"twitter:data1\" content=\"1 minute\" \/>\n<script type=\"application\/ld+json\" class=\"yoast-schema-graph\">{\"@context\":\"https:\/\/schema.org\",\"@graph\":[{\"@type\":\"WebPage\",\"@id\":\"https:\/\/institutdydyna.fr\/index.php\/soins-visage\/\",\"url\":\"https:\/\/institutdydyna.fr\/index.php\/soins-visage\/\",\"name\":\"Soins Visage - Institut Dydyna\",\"isPartOf\":{\"@id\":\"https:\/\/institutdydyna.fr\/#website\"},\"datePublished\":\"2016-11-04T23:58:04+00:00\",\"dateModified\":\"2021-05-18T20:24:20+00:00\",\"description\":\"L'institut Dydyna vous propose diff\u00e9rents soins visage. Profitez d'une parenth\u00e8se douceur tout en prenant soin de votre peau.\",\"breadcrumb\":{\"@id\":\"https:\/\/institutdydyna.fr\/index.php\/soins-visage\/#breadcrumb\"},\"inLanguage\":\"fr-FR\",\"potentialAction\":[{\"@type\":\"ReadAction\",\"target\":[\"https:\/\/institutdydyna.fr\/index.php\/soins-visage\/\"]}]},{\"@type\":\"BreadcrumbList\",\"@id\":\"https:\/\/institutdydyna.fr\/index.php\/soins-visage\/#breadcrumb\",\"itemListElement\":[{\"@type\":\"ListItem\",\"position\":1,\"name\":\"Accueil\",\"item\":\"https:\/\/institutdydyna.fr\/\"},{\"@type\":\"ListItem\",\"position\":2,\"name\":\"Soins Visage\"}]},{\"@type\":\"WebSite\",\"@id\":\"https:\/\/institutdydyna.fr\/#website\",\"url\":\"https:\/\/institutdydyna.fr\/\",\"name\":\"Institut Dydyna\",\"description\":\"Manucure, Onglerie, Nail Art, \u00e9pilation, LPG, Microblading\",\"publisher\":{\"@id\":\"https:\/\/institutdydyna.fr\/#organization\"},\"potentialAction\":[{\"@type\":\"SearchAction\",\"target\":{\"@type\":\"EntryPoint\",\"urlTemplate\":\"https:\/\/institutdydyna.fr\/?s={search_term_string}\"},\"query-input\":{\"@type\":\"PropertyValueSpecification\",\"valueRequired\":true,\"valueName\":\"search_term_string\"}}],\"inLanguage\":\"fr-FR\"},{\"@type\":\"Organization\",\"@id\":\"https:\/\/institutdydyna.fr\/#organization\",\"name\":\"Institut Dydyna\",\"url\":\"https:\/\/institutdydyna.fr\/\",\"logo\":{\"@type\":\"ImageObject\",\"inLanguage\":\"fr-FR\",\"@id\":\"https:\/\/institutdydyna.fr\/#\/schema\/logo\/image\/\",\"url\":\"https:\/\/institutdydyna.fr\/wp-content\/uploads\/2017\/02\/cropped-logo-dydyna-final.png\",\"contentUrl\":\"https:\/\/institutdydyna.fr\/wp-content\/uploads\/2017\/02\/cropped-logo-dydyna-final.png\",\"width\":512,\"height\":512,\"caption\":\"Institut Dydyna\"},\"image\":{\"@id\":\"https:\/\/institutdydyna.fr\/#\/schema\/logo\/image\/\"},\"sameAs\":[\"https:\/\/www.facebook.com\/institutdydyna\",\"https:\/\/www.instagram.com\/institutdydyna\"]}]}<\/script>\n<!-- \/ Yoast SEO plugin. -->","yoast_head_json":{"title":"Soins Visage - Institut Dydyna","description":"L'institut Dydyna vous propose diff\u00e9rents soins visage. Profitez d'une parenth\u00e8se douceur tout en prenant soin de votre peau.","robots":{"index":"index","follow":"follow","max-snippet":"max-snippet:-1","max-image-preview":"max-image-preview:large","max-video-preview":"max-video-preview:-1"},"canonical":"https:\/\/institutdydyna.fr\/index.php\/soins-visage\/","og_locale":"fr_FR","og_type":"article","og_title":"Soins Visage - Institut Dydyna","og_description":"L'institut Dydyna vous propose diff\u00e9rents soins visage. Profitez d'une parenth\u00e8se douceur tout en prenant soin de votre peau.","og_url":"https:\/\/institutdydyna.fr\/index.php\/soins-visage\/","og_site_name":"Institut Dydyna","article_publisher":"https:\/\/www.facebook.com\/institutdydyna","article_modified_time":"2021-05-18T20:24:20+00:00","twitter_card":"summary_large_image","twitter_misc":{"Dur\u00e9e de lecture estim\u00e9e":"1 minute"},"schema":{"@context":"https:\/\/schema.org","@graph":[{"@type":"WebPage","@id":"https:\/\/institutdydyna.fr\/index.php\/soins-visage\/","url":"https:\/\/institutdydyna.fr\/index.php\/soins-visage\/","name":"Soins Visage - Institut Dydyna","isPartOf":{"@id":"https:\/\/institutdydyna.fr\/#website"},"datePublished":"2016-11-04T23:58:04+00:00","dateModified":"2021-05-18T20:24:20+00:00","description":"L'institut Dydyna vous propose diff\u00e9rents soins visage. Profitez d'une parenth\u00e8se douceur tout en prenant soin de votre peau.","breadcrumb":{"@id":"https:\/\/institutdydyna.fr\/index.php\/soins-visage\/#breadcrumb"},"inLanguage":"fr-FR","potentialAction":[{"@type":"ReadAction","target":["https:\/\/institutdydyna.fr\/index.php\/soins-visage\/"]}]},{"@type":"BreadcrumbList","@id":"https:\/\/institutdydyna.fr\/index.php\/soins-visage\/#breadcrumb","itemListElement":[{"@type":"ListItem","position":1,"name":"Accueil","item":"https:\/\/institutdydyna.fr\/"},{"@type":"ListItem","position":2,"name":"Soins Visage"}]},{"@type":"WebSite","@id":"https:\/\/institutdydyna.fr\/#website","url":"https:\/\/institutdydyna.fr\/","name":"Institut Dydyna","description":"Manucure, Onglerie, Nail Art, \u00e9pilation, LPG, Microblading","publisher":{"@id":"https:\/\/institutdydyna.fr\/#organization"},"potentialAction":[{"@type":"SearchAction","target":{"@type":"EntryPoint","urlTemplate":"https:\/\/institutdydyna.fr\/?s={search_term_string}"},"query-input":{"@type":"PropertyValueSpecification","valueRequired":true,"valueName":"search_term_string"}}],"inLanguage":"fr-FR"},{"@type":"Organization","@id":"https:\/\/institutdydyna.fr\/#organization","name":"Institut Dydyna","url":"https:\/\/institutdydyna.fr\/","logo":{"@type":"ImageObject","inLanguage":"fr-FR","@id":"https:\/\/institutdydyna.fr\/#\/schema\/logo\/image\/","url":"https:\/\/institutdydyna.fr\/wp-content\/uploads\/2017\/02\/cropped-logo-dydyna-final.png","contentUrl":"https:\/\/institutdydyna.fr\/wp-content\/uploads\/2017\/02\/cropped-logo-dydyna-final.png","width":512,"height":512,"caption":"Institut Dydyna"},"image":{"@id":"https:\/\/institutdydyna.fr\/#\/schema\/logo\/image\/"},"sameAs":["https:\/\/www.facebook.com\/institutdydyna","https:\/\/www.instagram.com\/institutdydyna"]}]}},"jetpack_sharing_enabled":false,"jetpack_shortlink":"https:\/\/wp.me\/P84TWh-w","_links":{"self":[{"href":"https:\/\/institutdydyna.fr\/index.php\/wp-json\/wp\/v2\/pages\/32"}],"collection":[{"href":"https:\/\/institutdydyna.fr\/index.php\/wp-json\/wp\/v2\/pages"}],"about":[{"href":"https:\/\/institutdydyna.fr\/index.php\/wp-json\/wp\/v2\/types\/page"}],"author":[{"embeddable":true,"href":"https:\/\/institutdydyna.fr\/index.php\/wp-json\/wp\/v2\/users\/1"}],"replies":[{"embeddable":true,"href":"https:\/\/institutdydyna.fr\/index.php\/wp-json\/wp\/v2\/comments?post=32"}],"version-history":[{"count":6,"href":"https:\/\/institutdydyna.fr\/index.php\/wp-json\/wp\/v2\/pages\/32\/revisions"}],"predecessor-version":[{"id":416,"href":"https:\/\/institutdydyna.fr\/index.php\/wp-json\/wp\/v2\/pages\/32\/revisions\/416"}],"wp:attachment":[{"href":"https:\/\/institutdydyna.fr\/index.php\/wp-json\/wp\/v2\/media?parent=32"}],"curies":[{"name":"wp","href":"https:\/\/api.w.org\/{rel}","templated":true}]}}